e the remainder when 594000 is divided by 3251.
2318
Calculate the remainder when 2353303 is divided by 17.
10
What is the remainder when 2438488 is divided by 453?
442
Calculate the remainder when 12158467 is divided by 91417.
6
Calculate the remainder when 34202235 is divided by 654.
651
Calculate the remainder when 9454612 is divided by 1436.
1424
Calculate the remainder when 6408308 is divided by 137.
133
What is the remainder when 114682 is divided by 216?
202
What is the remainder when 12791365 is divided by 737?
730
Calculate the remainder when 45915149 is divided by 76271.
7
Calculate the remainder when 9130867 is divided by 5281.
18
What is the remainder when 428652 is divided by 16486?
16
Calculate the remainder when 228635 is divided by 784.
491
What is the remainder when 51889 is divided by 1849?
117
What is the remainder when 244362 is divided by 20360?
42
Calculate the remainder when 225534 is divided by 562.
172
What is the remainder when 1416133 is divided by 354028?
21
What is the remainder when 4928435 is divided by 47?
15
Calculate the remainder when 187516 is divided by 85.
6
Calculate the remainder when 1069001 is divided by 467.
38
What is the remainder when 812045 is divided by 406001?
43
Calculate the remainder when 26130484 is divided by 167.
161
Calculate the remainder when 40780652 is divided by 3993.
143
What is the remainder when 1363913 is divided by 8023?
3
Calculate the remainder when 1243703 is divided by 3.
2
Calculate the remainder when 2481677699 is divided by 4885.
4884
What is the remainder when 2019758 is divided by 1488?
542
What is the remainder when 596509 is divided by 1356?
1225
What is the remainder when 3736337 is divided by 120526?
31
Calculate the remainder when 319882 is divided by 106620.
22
What is the remainder when 482072 is divided by 543?
431
What is the remainder when 2567991 is divided by 9511?
21
What is the remainder when 3479204 is divided by 230?
224
Calculate the remainder when 61116011 is divided by 509300.
11
Calculate the remainder when 425427 is divided by 7878.
15
Calculate the remainder when 950121 is divided by 571.
548
What is the remainder when 168055 is divided by 55985?
100
What is the remainder when 268963 is divided by 18658?
7751
What is the remainder when 258705 is divided by 10347?
30
Calculate the remainder when 6802 is divided by 1679.
86
What is the remainder when 4898397 is divided by 1338?
1317
Calculate the remainder when 4038331 is divided by 1728.
1723
Calculate the remainder when 602394 is divided by 602096.
298
Calculate the remainder when 10509303 is divided by 3503055.
138
What is the remainder when 59063 is divided by 56447?
2616
What is the remainder when 2514273 is divided by 17221?
7
What is the remainder when 1310562 is divided by 42?
36
Calculate the remainder when 84325 is divided by 490.
45
Calculate the remainder when 1614779 is divided by 954.
611
Calculate the remainder when 5182858 is divided by 793.
603
Calculate the remainder when 201662 is divided by 9597.
125
What is the remainder when 798576 is divided by 822?
414
What is the remainder when 35551 is divided by 994?
761
Calculate the remainder when 8463263 is divided by 100753.
11
Calculate the remainder when 5761458 is divided by 640160.
18
What is the remainder when 3705 is divided by 211?
118
What is the remainder when 38895 is divided by 12366?
1797
What is the remainder when 1274476 is divided by 127445?
26
What is the remainder when 5357902 is divided by 1785925?
127
What is the remainder when 17331649 is divided by 8665787?
75
Calculate the remainder when 49782477 is divided by 2076.
2073
What is the remainder when 63311771 is divided by 6?
5
Calculate the remainder when 44594 is divided by 230.
204
Calculate the remainder when 12528449 is divided by 825.
824
What is the remainder when 9300070 is divided by 4088?
3958
Calculate the remainder when 516684 is divided by 13.
12
Calculate the remainder when 18536014 is divided by 36274.
0
What is the remainder when 254231 is divided by 8200?
31
What is the remainder when 2360120 is divided by 174?
158
What is the remainder when 53365 is divided by 17750?
115
Calculate the remainder when 7134047 is divided by 311.
18
What is the remainder when 1847053 is divided by 203?
159
What is the remainder when 5561375 is divided by 93?
68
What is the remainder when 1580281 is divided by 56?
17
What is the remainder when 12365947 is divided by 5112?
19
Calculate the remainder when 3985991 is divided by 249.
248
Calculate the remainder when 478947769 is divided by 10.
9
What is the remainder when 30191 is divided by 3053?
2714
Calculate the remainder when 22926 is divided by 36.
30
What is the remainder when 9223270 is divided by 62741?
343
What is the remainder when 451676 is divided by 41060?
16
Calculate the remainder when 1687404 is divided by 14.
12
What is the remainder when 299227 is divided by 202?
65
Calculate the remainder when 9282449 is divided by 275.
99
Calculate the remainder when 844312 is divided by 135.
22
Calculate the remainder when 44394991 is divided by 11098746.
7
Calculate the remainder when 16428369 is divided by 3065.
3034
Calculate the remainder when 192655291 is divided by 2832.
2827
What is the remainder when 15775 is divided by 7772?
231
What is the remainder when 5729009 is divided by 58?
1
What is the remainder when 42453 is divided by 558?
45
What is the remainder when 4516967 is divided by 239?
106
What is the remainder when 284919 is divided by 32?
23
Calculate the remainder when 36052681 is divided by 693.
49
Calculate the remainder when 4729056 is divided by 413.
206
Calculate the remainder when 1251483 is divided by 592.
587
Calculate the remainder when 278733 is divided by 120.
93
Calculate the remainder when 968536 is divided by 107615.
1
What is the remainder when 1630610 is divided by 3432?
410
What is the remainder when 59473720 is divided by 663?
631
What is the remainder when 47571234 is divided by 31?
29
Calculate the remainder when 50735 is divided by 7178.
489
What is the remainder when 162717867 is divided by 16?
11
What is the remainder when 28215 is divided by 14096?
23
What is the remainder when 4706973 is divided by 4428?
9
Calculate the remainder when 5428534 is divided by 246708.
958
Calculate the remainder when 49127503 is divided by 128606.
11
Calculate the remainder when 579214 is divided by 21452.
10
Calculate the remainder when 55392164 is divided by 13.
9
What is the remainder when 4400871 is divided by 628694?
13
What is the remainder when 41366 is divided by 9979?
1450
What is the remainder when 4849327 is divided by 34?
9
What is the remainder when 5264202 is divided by 2224?
2218
Calculate the remainder when 2770856 is divided by 887.
755
Calculate the remainder when 2253868 is divided by 363.
1
Calculate the remainder when 147307 is divided by 345.
337
Calculate the remainder when 10430391 is divided by 1001.
972
What is the remainder when 30134418 is divided by 1117?
1109
Calculate the remainder when 320955566 is divided by 31.
11
What is the remainder when 821151 is divided by 492?
3
Calculate the remainder when 98928530 is divided by 117.
116
Calculate the remainder when 110522 is divided by 53941.
2640
Calculate the remainder when 732188 is divided by 659.
39
Calculate the remainder when 814484237 is divided by 8858.
8853
Calculate the remainder when 219173 is divided by 152.
141
What is the remainder when 605672 is divided by 33627?
386
Calculate the remainder when 969790 is divided by 242380.
270
What is the remainder when 942068 is divided by 151?
130
What is the remainder when 6963567 is divided by 994795?
2
Calculate the remainder when 153874 is divided by 2.
0
What is the remainder when 59045 is divided by 50631?
8414
Calculate the remainder when 307926 is divided by 30774.
186
Calculate the remainder when 191317 is divided by 296.
101
What is the remainder when 59069 is divided by 11?
10
Calculate the remainder when 15874679 is divided by 19383.
2
Calculate the remainder when 95463 is divided by 726.
357
What is the remainder when 687560 is divided by 15278?
50
What is the remainder when 4014389 is divided by 5018?
5007
What is the remainder when 74258 is divided by 736